= -103 + i. What is the hundreds digit of u?
2
Let p(i) = -573*i**3 + 7*i**2 + 27*i - 1. What is the thousands digit of p(-3)?
5
Suppose -31*u = -15*u - 2160. What is the units digit of (-1)/4 - (u/(-36))/3?
1
Suppose 0 = -x - 5*m + 35, 0*m - 117 = -4*x + 3*m. Suppose 0 = -31*s + x*s + 423. What is the tens digit of (-2)/((-6)/s) + -1 + 5?
4
Let m(f) = -f**2 - 2*f + 34. Let t be m(0). Suppose -t*v + 42*v - 2776 = 0. What is the units digit of v?
7
Let p(o) = o**2 + 6*o + 8. Suppose 5*r + 46 = 4*w, r - 4*w + 10 + 12 = 0. Let c be p(r). Let m(f) = -f**3 + 9*f**2 - 7*f + 1. What is the units digit of m(c)?
9
Let o = 152 + -149. Suppose -2*d = -2*q - 556, -d + q + 290 = o*q. What is the hundreds digit of d?
2
Suppose 6*z + 6 = 9*z + 2*u, 4*u = 12. Let v(h) = 2*h**2 + 4*h + 515. What is the tens digit of v(z)?
1
Let c(w) = 76*w - 113. Let j(h) = -38*h + 59. Let p(f) = 2*c(f) + 5*j(f). What is the hundreds digit of p(-3)?
1
What is the tens digit of 3899924/98 + 136/28 + -5?
9
Suppose 2*d + 4*o - 24602 = 0, -5*d + 59440 = o - 2119. What is the thousands digit of d?
2
Suppose 13*g - 4537 = 1859. Suppose -n + 7*n - g = 0. Suppose 3*i + n = 703. What is the tens digit of i?
0
What is the thousands digit of 7*23*(-276 - -318)?
6
Let q be 4 + -7*(-6 - 12). Suppose m = 4*m - 387. Let n = q - m. What is the units digit of n?
1
Let h(x) = 25*x - 328. What is the hundreds digit of h(25)?
2
Suppose 0 = 4*r - 5*l - 48 + 23, 20 = -3*r - 4*l. Suppose 2*x - z - 608 = r, -2*x = 2*z - 317 - 297. What is the tens digit of x?
0
Suppose 0 = 2*v + r - 61, -4*v + 2*r = -5*v + 23. Suppose 2*j + 3 = v. What is the units digit of 20/j + (-436)/(-6)?
4
Let a(m) = 69*m**3 + 9*m**2 - 8*m + 8. Let d be a(5). Suppose 926 + d = 14*w. What is the hundreds digit of w?
6
Let f = -2429 + 6032. What is the tens digit of f?
0
Let m(c) = 2*c**2 - 49*c - 591. What is the units digit of m(60)?
9
Let v be 23821/(-82) - (3/2 - 1). Let r = 259 - v. What is the units digit of r?
0
What is the thousands digit of 27 + 3796 + 1 + -3?
3
Let c(g) be the third derivative of g**5/12 + g**4/6 - 2*g**3/3 + 311*g**2. What is the units digit of c(1)?
5
Let j = 3819 - -16174. What is the tens digit of j?
9
Let r(t) = 417*t**2 - 55*t + 356. What is the thousands digit of r(6)?
5
Suppose 274*p - 150 = 275*p. Let m = 417 - 150. Let x = p + m. What is the units digit of x?
7
Suppose 5*u = -2*s + 24, u + 13 - 17 = 0. Let d(a) be the second derivative of 5*a**3/3 + 5*a**2/2 - a. What is the tens digit of d(s)?
2
Let x(g) = 9*g**2 + 2*g + 16. What is the hundreds digit of x(47)?
9
Let b(r) = 3 + 3 + 679*r**3 - 668*r**3 - 3*r**2. What is the hundreds digit of b(3)?
2
What is the tens digit of -6 - 24/(5 + -8) - (-53712)/8?
1
Let d(s) = -11*s**2 + s - 2. Let n be d(2). Let g be (-45)/(-240) + (-4148)/(-64). Let f = g + n. What is the tens digit of f?
2
Let j(p) = -91*p**2 + 3824*p - 43. What is the tens digit of j(42)?
4
Let n = 544 + -292. Let y = n + 361. What is the tens digit of y?
1
Suppose 5*r + 8 = -22. Let t(l) be the third derivative of l**6/120 + 2*l**5/15 - l**4/12 + 2*l**3/3 - 72*l**2. What is the units digit of t(r)?
8
Let n = -8 - -7. Let g be (n/2)/((-4)/112). Suppose 15*d = g*d + 9. What is the units digit of d?
9
Suppose 15*v = 10*v + 20. Let g be (87/6)/(2/v). Suppose -144 = -33*a + g*a. What is the units digit of a?
6
Let j(y) = 7*y**2 - 17*y + 2857. What is the ten thousands digit of j(56)?
2
Suppose 33*k - 32*k = 22. Suppose 0 = k*x - 1585 - 1803. What is the hundreds digit of x?
1
Suppose 0 = -24*f + 26*f - 4. Suppose -f*v = -11*v + 45. Suppose -2*d = 4*o + o - 301, -15 = -v*d. What is the units digit of o?
9
Suppose -66*b + 2051535 + 159226 - 101731 = 0. What is the thousands digit of b?
1
Let n be ((-2)/(-3))/((-5)/(-630)). Suppose k - 5*z + 0*z = 11, -4*z + n = 5*k. Suppose -3*m + 122 = -k. What is the tens digit of m?
4
Suppose -i + 7 - 2 = 0. Let o(w) = 38 - i - 17 + 32*w. What is the hundreds digit of o(3)?
1
Let z = -67 + 7. What is the tens digit of 3/(337/2190 - (-8)/z)?
4
Let w(l) = l**3 + 3*l**2. Let f be w(-3). Let g(y) = 2*y + 72. Let q be g(-35). Suppose q*h - 4*h + 376 = f. What is the tens digit of h?
8
Let c = 4141 + -1494. What is the thousands digit of c?
2
Let c(m) = m**3 + 72*m**2 + 35*m - 41. What is the units digit of c(-71)?
5
Let t(w) = -w**3 + 3*w**2 - 3*w + 11. Let y be t(4). Let m be y/(-2)*(-3 - -13). Let z = m - -74. What is the tens digit of z?
5
Let h(k) = -17175*k + 9. Let v be h(-1). Suppose 15*t = 31*t - v. What is the tens digit of t?
7
Let s(p) = -14*p + 168. Suppose 2*j - 2*h - 6 = -34, -2*j - 16 = h. What is the hundreds digit of s(j)?
3
What is the units digit of 2/(13/(447993/18))?
9
Suppose 33*c + 152 = -5*c. Let z(u) = 8*u**2 - 18*u. What is the tens digit of z(c)?
0
Let g(j) = 5*j**3 - j**2 + 6*j - 13. Let h be g(4). Let l = h + -245. What is the tens digit of l?
7
Let a = 603 + -405. Suppose l - 198 = 2*o, -l + 6*o + a = 3*o. What is the units digit of l?
8
Suppose -k - 8*h = -6*h - 949, 5*k = 3*h + 4719. What is the tens digit of k/(-10)*(-392)/42?
8
Suppose -32*o - s + 16033 = -27*o, 12811 = 4*o + 3*s. What is the units digit of o?
8
What is the tens digit of 540/(-900) + ((-221919)/(-5))/3?
9
Suppose 10*q - 5*q = -2*w + 26261, q = -5*w + 5266. What is the thousands digit of q?
5
Let a = 8042 + 1553. What is the tens digit of a?
9
Suppose 0 = 5*b - 15, 12 = 3*t - 3*b - 3. Suppose c + 0*c = 3*i - t, -2*c + 16 = 2*i. What is the units digit of -2 - (i/(-5))/(2/10)?
2
Let q = -56 - -54. Let d be (9/(-36))/(q/(-8)). What is the units digit of d - ((-97)/(-3))/(3/(-9))?
6
Let v = 14501 - 2261. What is the hundreds digit of (-3)/1 + 27/(243/v)?
3
Suppose -154*z - 24 = -160*z. Suppose -z*n + 4493 = -3*o, -3*o = 3*n - 2162 - 1234. What is the thousands digit of n?
1
Suppose 3*s + 4 + 2 = 0. Let z be s*(-14)/4*1. Suppose -z*l = -8*l + 130. What is the tens digit of l?
3
What is the tens digit of (-36)/((-792)/87802) + -1 + 12?
0
Suppose 11*p - 60904 = -9797 + 10614. What is the thousands digit of p?
5
Let d = -1015 - -2220. Suppose 3*h = -w + 2*w + 716, -4*w - d = -5*h. Suppose 2*b - 4*b = -3*j + h, 4*b = -j + 65. What is the tens digit of j?
7
Suppose -2*t - 3*x + 87 = 0, -4*x = 4*t - 199 + 35. What is the hundreds digit of 0 - (-648 - 0) - (41 - t)?
6
Let z(h) = -h**2 - 6*h - 3. Let j be z(-4). Suppose -j*n = -39 - 1. What is the tens digit of 30/(-40) + 486/n?
6
What is the ten thousands digit of (9 - (-12 + 22))/((-1)/23489)?
2
Let h(s) = -11*s - 200 + 2*s + 233. What is the units digit of h(3)?
6
Let i(p) = -9837*p - 361. What is the thousands digit of i(-3)?
9
Suppose -u = -6*u - 335. Let y = 202 + u. Let t = y + -58. What is the tens digit of t?
7
Suppose -2*f + 24*r + 2416 = 20*r, 4*f - 5*r - 4844 = 0. Suppose -5*l + 4828 = -l - q, -l - 2*q = -f. What is the hundreds digit of l?
2
Let o = 48679 + -27572. What is the ten thousands digit of o?
2
Let n be (-4)/((-1)/(-7) + 96/(-525)). Let g = 411 - n. What is the units digit of g?
1
Let t = 62 + 8. Let k = 412 - t. What is the units digit of k?
2
Let n = 6213 - -12734. What is the hundreds digit of n?
9
Let n(r) = r**2 + 24*r - 60. Let b be n(-28). Suppose -2220 = 32*x - b*x. What is the tens digit of x?
1
Let j = -24624 + 58717. What is the units digit of j?
3
Let z = -2603 + 31141. What is the hundreds digit of z?
5
Let k(h) = h**2 - 10*h + 19. Let v be k(9). Suppose 5*o - v = 3*o. Suppose -b = -o*b + 560. What is the hundreds digit of b?
1
Let w(n) = n**3 + 8*n**2 - 4*n - 10. Let h(o) = 2*o**3 - 3*o**2 + 3*o + 4. Let q be h(3). Suppose 11*p = 3*p - q. What is the units digit of w(p)?
5
Suppose -25 = 2*m - 15. What is the units digit of (-14)/(-35)*m + 8?
6
Let a = 6426 - 546. What is the units digit of a?
0
Suppose 1711*b = 1706*b + 11345. What is the thousands digit of b?
2
Suppose -143*m + 332430 = -256*m + 128*m. What is the tens digit of m?
6
Let v(q) = 118 + 4*q - 6*q + 10*q. What is the tens digit of v(-5)?
7
Let z(y) = -y**3 + 61*y**2 - 187*y - 172. What is the tens digit of z(57)?
6
Let o = -68 - -182. Let z be (-2)/(-12) + 437/o. Suppose u = g - 4*u - 22, -g + z*u + 21 = 0. What is the units digit of g?
7
Let j(v) = v**3 - 2*v + 11. Suppose 13 = -2*i + 5*c, -3*i + 2*c + 28 = 4*c. L